hat is -4841 (base 11) in base 6?
-45201
What is 1444 (base 6) in base 3?
112101
111101111 (base 2) to base 8
757
-2377 (base 8) to base 11
-a63
-10104 (base 6) to base 14
-6b6
Convert -3067 (base 13) to base 6.
-50524
What is -343340 (base 5) in base 11?
-9303
-2230310 (base 4) to base 9
-16148
-3a2 (base 12) to base 4
-20222
Convert 1011045 (base 6) to base 10.
48197
What is -110010 (base 2) in base 12?
-42
Convert 313 (base 14) to base 10.
605
2132133 (base 4) to base 14
39a7
What is -8660 (base 10) in base 16?
-21d4
Convert 1101010000 (base 2) to base 7.
2321
Convert 45507 (base 8) to base 13.
8a05
-452 (base 8) to base 9
-361
Convert -1c3 (base 14) to base 5.
-2432
Convert -110313330 (base 4) to base 15.
-1a500
923 (base 10) to base 15
418
Convert -1751 (base 9) to base 4.
-110332
Convert -119 (base 16) to base 9.
-342
-235 (base 10) to base 14
-12b
What is -10410 (base 6) in base 4?
-112212
Convert 165a5 (base 11) to base 4.
11230303
What is -151052 (base 6) in base 3?
-201220012
What is -22401 (base 10) in base 2?
-101011110000001
Convert -1650 (base 9) to base 16.
-4ec
467 (base 8) to base 6
1235
Convert 65316 (base 7) to base 11.
11261
What is 3303 (base 4) in base 10?
243
What is -444a (base 12) in base 7?
-31000
Convert -2008 (base 9) to base 13.
-88a
-333 (base 14) to base 4
-21321
-26a4 (base 16) to base 7
-40561
Convert -1100220 (base 3) to base 13.
-5b8
Convert -210010000 (base 3) to base 7.
-62604
Convert -268c (base 15) to base 6.
-102040
Convert 301 (base 5) to base 12.
64
What is 60060 (base 7) in base 5?
430243
1003011 (base 4) to base 15
1413
What is -20654 (base 7) in base 4?
-1100033
Convert 7654 (base 8) to base 4.
332230
What is -214211 (base 5) in base 14?
-29cb
-430 (base 9) to base 10
-351
What is 5208 (base 13) in base 2?
10110001000011
Convert -69 (base 12) to base 16.
-51
Convert -641 (base 9) to base 14.
-295
-429 (base 11) to base 8
-1003
What is 6278 (base 9) in base 11?
3509
-39b3 (base 13) to base 12
-4942
Convert -1575 (base 10) to base 9.
-2140
What is -2b3 (base 13) in base 16?
-1e4
Convert 53332 (base 9) to base 5.
2112024
3057 (base 13) to base 8
15007
What is -1932 (base 15) in base 8?
-12507
Convert 42405 (base 6) to base 13.
2816
1872 (base 14) to base 9
6042
What is 1ce5 (base 16) in base 6?
54125
Convert 21011202 (base 3) to base 4.
1101233
What is -16916 (base 10) in base 7?
-100214
Convert -e45 (base 16) to base 13.
-1880
Convert -100210202 (base 3) to base 5.
-212043
Convert -120001002 (base 3) to base 5.
-322324
What is 2142 (base 8) in base 6?
5110
Convert -112002 (base 3) to base 10.
-380
What is -515 (base 14) in base 12?
-6b3
-b76 (base 14) to base 3
-10002201
What is -101110110 (base 2) in base 15?
-19e
Convert -10268 (base 10) to base 4.
-2200130
Convert 101 (base 12) to base 15.
9a
What is -c8a (base 14) in base 5?
-34344
20133 (base 4) to base 13
32a
63147 (base 8) to base 5
1314330
-99 (base 12) to base 9
-140
What is -2113 (base 6) in base 11?
-3a4
-371 (base 11) to base 5
-3231
Convert 2719 (base 12) to base 14.
18c5
Convert -2b (base 12) to base 14.
-27
-2002010210 (base 3) to base 9
-62123
2005 (base 6) to base 2
110110101
413a (base 12) to base 9
10661
What is -221012 (base 3) in base 8?
-1250
Convert e4a (base 15) to base 5.
100340
What is 7ae (base 16) in base 4?
132232
What is -321203 (base 4) in base 13?
-18a4
What is 2332020 (base 4) in base 6?
132200
1142 (base 12) to base 5
30142
Convert 631 (base 8) to base 2.
110011001
What is -135 (base 6) in base 12?
-4b
323 (base 12) to base 13
294
What is -59 (base 16) in base 4?
-1121
10133 (base 4) to base 8
437
Convert -14015 (base 7) to base 16.
-ec9
What is 1ba4 (base 15) in base 9?
8211
What is -121436 (base 8) in base 9?
-63247
What is a4b2 (base 14) in base 11?
1a360
-1220110 (base 3) to base 13
-82b
Convert 150111 (base 7) to base 11.
1a765
-22002001 (base 3) to base 4
-1123333
What is -2272 (base 10) in base 4?
-203200
Convert -10170 (base 8) to base 14.
-1772
What is 31014 (base 5) in base 16?
7d9
16784 (base 10) to base 7
66635
Convert 860 (base 11) to base 2.
10000001010
Convert -201232 (base 4) to base 3.
-2221221
What is -cc5 (base 16) in base 15?
-e7e
-12a6 (base 11) to base 7
-4632
13323 (base 4) to base 5
4012
What is 10110100000 (base 2) in base 9?
1870
-125234 (base 6) to base 15
-3647
Convert 2442 (base 6) to base 10.
602
Convert -1523 (base 11) to base 8.
-3651
Convert -17875 (base 10) to base 13.
-81a0
Convert a1 (base 15) to base 2.
10010111
-2930 (base 10) to base 14
-10d4
What is -441 (base 16) in base 5?
-13324
12b3a (base 13) to base 7
203433
Convert -a3c (base 16) to base 15.
-b9a
-13202130 (base 4) to base 12
-15a50
What is 154523 (base 6) in base 8?
35723
What is -23313 (base 7) in base 10?
-5988
What is 1363 (base 12) in base 5?
32420
What is 222310 (base 4) in base 7?
10663
Convert 1011110011 (base 2) to base 4.
23303
444 (base 8) to base 10
292
1a49 (base 15) to base 5
140234
What is -232310 (base 5) in base 2?
-10000100000111
Convert 3783 (base 11) to base 14.
1b23
-effa (base 16) to base 14
-18562
1208 (base 12) to base 14
a48
What is -146 (base 7) in base 10?
-83
-37da (base 14) to base 5
-303141
What is -2ab (base 13) in base 11?
-3a6
What is -147 (base 10) in base 11?
-124
Convert 2319 (base 15) to base 12.
4389
Convert -4647 (base 8) to base 15.
-aeb
Convert -101200121 (base 3) to base 8.
-17160
Convert 2964 (base 15) to base 10.
8869
-1b3b7 (base 13) to base 11
-37122
Convert -1001001011 (base 2) to base 3.
-210202
What is -273 (base 11) in base 5?
-2242
Convert -1547 (base 8) to base 11.
-722
518 (base 11) to base 10
624
What is -168 (base 10) in base 16?
-a8
Convert -256 (base 11) to base 13.
-1a4
What is -5051 (base 9) in base 6?
-25031
What is -2114 (base 10) in base 4?
-201002
Convert 43b7 (base 12) to base 13.
3538
-a0f (base 16) to base 11
-1a31
What is 3140 (base 8) in base 4?
121200
3eb9 (base 16) to base 8
37271
-232222 (base 4) to base 2
-101110101010
1505 (base 7) to base 9
728
10101001101 (base 2) to base 4
111031
Convert 21121022 (base 3) to base 11.
418a
814 (base 10) to base 6
3434
Convert 0 (base 4) to base 15.
0
-3342 (base 6) to base 9
-1058
Convert 1423331 (base 5) to base 2.
111010010010001
Convert -1334 (base 9) to base 5.
-13003
What is -541 (base 16) in base 4?
-111001
-12113200 (base 4) to base 13
-bb42
Convert -1011001000100 (base 2) to base 8.
-13104
What is -6888 (base 10) in base 15?
-2093
Convert -2121110222 (base 3) to base 11.
-3566a
What is 430201 (base 5) in base 10?
14426
-332003 (base 5) to base 4
-2303233
3390 (base 16) to base 11
9a10
Convert 604 (base 9) to base 13.
2b9
Convert 3108 (base 10) to base 8.
6044
Convert -25a0 (base 12) to base 15.
-1416
Convert 5121 (base 11) to base 6.
51251
What is -100001000001110 (base 2) in base 10?
-16910
What is -2202301 (base 5) in base 2?
-1001001111000010
199 (base 16) to base 5
3114
Convert 1203 (base 12) to base 9.
2683
What is 61357 (base 10) in base 4?
32332231
Convert -61676 (base 8) to base 12.
-1293a
-44fa (base 16) to base 11
-122a3
101001000011 (base 2) to base 10
2627
Convert 7472 (base 13) to base 11.
11150
cc (base 15) to base 14
da
What is -230002 (base 4) in base 16?
-b02
-2331 (base 7) to base 4
-31113
What is 1322145 (base 6) in base 12?
36355
What is -c9c (base 16) in base 11?
-2475
10105 (base 6) to base 15
5e2
What is 856 (base 14) in base 2?
11001101100
-2332020 (base 4) to base 15
-3913
Convert 665 (base 16) to base 7.
4526
Convert 397 (base 16) to base 2.
1110010111
212211 (base 3) to base 2
1010000011
Convert 4b9 (base 14) to base 4.
32303
Convert 305 (base 6) to base 4.
1301
206 (base 9) to base 4
2220
4210 (base 9) to base 16
c0f
Convert 204262 (base 8) to base 9.
112851
-5002 (base 7) to base 16
-6b5
What is 6277 (base 13) in base 11?
a260
Convert 264 (base 11) to base 6.
1240
What is 313032 (base 4) in base 8?
6716
What is 3414 (base 12) in base 9?
7827
5440 (base 6) to base 13
750
Convert df2 (base 16) to base 12.
2096
What is -2b9 (base 14) in base 7?
-1422
Convert 100210 (base 3) to base 10.
264
What is 11313 (base 6) in base 2?
11001011101
Convert -15641 (base 7) to base 6.
-32315
Convert -159 (base 12) to base 2.
-11010101
-1101110011000011 (base 2) to base 11
-39508
-21928 (base 